divided by r(-13)?
66
Let c(d) = -5*d**2 - 138*d + 20. What is the remainder when 1312 is divided by c(-27)?
100
What is the remainder when 1387 is divided by 45/30*76 - 18?
43
Suppose 3*l + 110 = -o, -4*l - 146 = -0*l + 2*o. Let f = 60 + l. Calculate the remainder when f is divided by 14.
9
Let f = 688 + -426. Let l = -108 + f. Suppose 5*w - 170 = -5*v, -3*v = -5*w - 24 + l. What is the remainder when w is divided by 10?
9
Suppose -3*j = 7*j + 620. Let z = -16 - j. What is the remainder when z is divided by 8?
6
Suppose 161*i + 1140 = 173*i. Calculate the remainder when 3228 is divided by i.
93
Let j(v) = -3*v + 1. What is the remainder when ((-68)/16 - 3)*-24 + 20 + -14 is divided by j(-4)?
11
Let l = 2729 - 511. What is the remainder when l is divided by 116?
14
Suppose 2*b - q - 1610 = 0, -90 + 2523 = 3*b + 3*q. Calculate the remainder when b is divided by 262.
21
Suppose -4*j - 9 = -145. Let r = 122 + -27. Calculate the remainder when r is divided by j.
27
Let a = 445 - 337. Let t = a + -98. Calculate the remainder when 198 is divided by t.
8
Suppose 7047*i + 6608 = 7061*i. Calculate the remainder when i is divided by 226.
20
Let z = 17391 + -17251. Let q = -17 + 30. What is the remainder when z is divided by q?
10
Let z(s) = -12*s - 2. Let q be (-15 - -9)/((-2)/8). Let v be (-1)/(-3)*(3 - q). What is the remainder when z(v) is divided by 42?
40
Let l(d) = 7*d**2 + 120*d + 1897. Calculate the remainder when l(-26) is divided by 15.
14
Suppose 5*j - h - 16 = 0, 1553 - 1525 = 2*j + 2*h. Suppose -1 = -2*n + 3. What is the remainder when j is divided by n?
1
Let m(n) = -n**2 - 6*n - 9. Let f be m(-8). Let w be f/(-10)*(1 + (-3)/(-5)). What is the remainder when (-577)/(-5) + w/(-10) is divided by 39?
37
Let d = -28934 - -29211. Calculate the remainder when 552 is divided by d.
275
Suppose 3 = -y + x + 7, 0 = 5*x - 15. Suppose 0 = q + y*q - 16. Suppose 41 + 31 = 4*n - 5*k, q*n - 6 = -5*k. What is the remainder when 102 is divided by n?
11
Suppose 1701*n = 1698*n + 51. Suppose 0 = -3*u - u + 312. What is the remainder when u is divided by n?
10
Let a(g) = -g**2 - 20*g + 25. Let u be a(-21). Let y be u/3 + 72/27. Suppose 3*z - 61 = -y. Calculate the remainder when z is divided by 11.
8
Suppose -f - 212 = -5*f. Let q be (-2 + 4)*-16*(-174)/4. Suppose -q*i = -1397*i + 45. Calculate the remainder when f is divided by i.
8
Suppose -4*d - c + 144 = 0, 3*d + 3*c - 137 = -20. Let p = 109 - d. Calculate the remainder when 146 is divided by p.
72
Let p = -223 - -227. Let h = -14 + 20. Suppose 35 - 11 = h*c. Calculate the remainder when p is divided by c.
0
Suppose 73*t - 412776 = -18*t. What is the remainder when t is divided by 17?
14
Suppose -4*m + 2 = -5*m - n, -10 = -5*m - n. Suppose -m*x = -6*x + 18. Suppose 0 = 10*d + 4*d - 210. Calculate the remainder when d is divided by x.
3
Let w = -974 - -3638. What is the remainder when w is divided by 65?
64
Suppose -2*g + 4*h = 1528, 2*h + 324 = -4*g - 2782. Let q = -513 - g. Suppose -q = -4*u - 5*u. Calculate the remainder when 55 is divided by u.
26
Let b(c) = -51*c + 1315. What is the remainder when b(23) is divided by 58/(-4)*(-14)/(-4 + 11)?
26
Suppose 2*z = -s + 12, 4*s = -z - 0*z + 13. Suppose 0 = 6*n - 8 + s. What is the remainder when -1 - (-3)/(-3) - -6 is divided by n?
0
Let k = -577 - -299. Calculate the remainder when -1 + (-32)/(-24) - k/3 is divided by 19.
17
Suppose 0 = -31*w + 18*w + 312. Suppose 4 = 49*v - 47*v. What is the remainder when -5 - (-4 + v) - -118 is divided by w?
19
Suppose l + 113 + 66 = b, -516 = -3*b - 4*l. Suppose 4*d + a = b, -2*d + 3 = 5*a - 67. Calculate the remainder when d is divided by 10.
5
Suppose 5*n - 5*b - 801 = -131, -b = 3*n - 418. Calculate the remainder when n/(11 + -5) - 4/(-2) is divided by 1 + (-12)/20 + (-83)/(-5).
8
Let m(n) = -5*n - 7. Let l be m(-2). Let v(a) = 27*a + 2. What is the remainder when v(l) is divided by (28/5)/((-3)/(-15))?
27
Let v = -19485 - -19574. What is the remainder when v is divided by 26?
11
Suppose -5*m = w - 520, 193 + 15 = 2*m + 4*w. Suppose -g = -5*b - 31, 29 = -20*g + 23*g + b. What is the remainder when m is divided by g?
5
Calculate the remainder when (-5)/(-20) + (3402/24 - 3) is divided by 29.
23
Let v = 17 - 29. Let q(i) = -2*i**2 + 32*i + 115. Let d be q(-4). Let y = v - d. Calculate the remainder when 63 is divided by y.
30
Let m(g) = -35*g + 14. Let r be m(3). Suppose -2*i - 4 = l, -4*l + 35 + 1 = -5*i. Calculate the remainder when (-8983)/r - i/14 is divided by 34.
31
Let k = 366 + -151. Suppose 0 = 2*g + 10, -2*g - 71 + k = 2*v. What is the remainder when 293 is divided by v?
62
Let z = -100 + 103. Suppose 0 = -z*o - 5*h + 123, o + 7*h = 8*h + 41. What is the remainder when 162 is divided by o?
39
Suppose 6*k + 4397 = 2345. Let y = -325 - k. What is the remainder when 679 is divided by y?
16
Suppose -v - y - 3 = 4*y, 7 = v - 5*y. Let x = 2166897 + -2166851. What is the remainder when x is divided by (-1)/(1/v)*-3?
4
Suppose -h + 15 = 58*s - 57*s, 6*s - 3*h - 153 = 0. What is the remainder when 235 is divided by s?
15
Let h(z) = 2*z**3 - 35*z**2 + 33*z - 37. Let q(w) = w**3 - 17*w**2 + 17*w - 19. Let r(f) = 6*h(f) - 13*q(f). What is the remainder when r(8) is divided by 6?
3
Let b be (-1 + 0)/(1899/(-237) - -8). Let v = b + -35. Calculate the remainder when 172 is divided by v.
40
Let k be (0 - (-2)/(-1)) + 4. Suppose 0 = 2*l - 3*v - 22, -5*v - 23 = -3*l + 12. What is the remainder when (k - (5 - 2)) + 15 is divided by l?
4
Let d(c) = -9*c + 43. Calculate the remainder when 29 is divided by d(2).
4
Let w(l) = -496*l + 114. Calculate the remainder when w(-1) is divided by 39.
25
Let d be -3 + (-7 - -11 - 4). Calculate the remainder when 190 is divided by d + (3 + -35)/(-2).
8
Let g be 34 + 0 + -4 + 1. Suppose -g = -2*v + 7. Suppose -17 - v = -9*l. What is the remainder when 11 is divided by l?
3
Suppose 2*l = 74 + 34. Suppose l*u - 58*u + 168 = 0. Calculate the remainder when 58 is divided by u.
16
Let r(a) = a**3 + 11*a**2 - 6*a + 34. Let k be r(-11). Let z = k - 80. What is the remainder when 34 is divided by z?
14
Let q = 24 - 22. Suppose -q*m + 4*v + 154 = 0, -3*v + 9 = m - 78. Suppose r - m - 50 = 0. Calculate the remainder when r is divided by 33.
32
Suppose 0 = 2*a + b - 79, -a + 64*b - 59*b + 12 = 0. Calculate the remainder when 7435 is divided by a.
35
Let j(u) = 6*u**3 - 36*u**2 + 27*u + 15. Calculate the remainder when j(6) is divided by 34.
7
Let o = 2826 + -2760. Calculate the remainder when 1050 is divided by o.
60
Let t(g) be the second derivative of -59*g**3/6 - 3*g**2/2 + 13*g. Let o be t(-1). Let h = 103 - o. What is the remainder when h is divided by 25?
22
Let p = -406 - -727. Let m = -192 + p. Suppose 4*k + k - w = 94, 2*k = w + 37. What is the remainder when m is divided by k?
15
Let w = -35 - -192. Suppose -28 = -2*d + j, 4*d + 2*j - 56 = -j. Calculate the remainder when w is divided by 40 + ((-10)/35 - (-4)/d).
37
Suppose 294*v = 291*v - 5*s + 25, 4*s + 17 = 5*v. What is the remainder when 1262 is divided by v?
2
Let k(i) = i**3 - 9*i**2 - 5*i + 4. Let h be (4/(-3))/(((-2)/15)/1). What is the remainder when 431 is divided by k(h)?
53
Let b = 4098 - 4024. What is the remainder when b is divided by 25?
24
Suppose -49*w + 52*w = -2*r + 97, 3*w = -4*r + 101. Calculate the remainder when 1236 is divided by w.
27
Let q = -415 + 875. Let c(g) = 3*g**2 + 281*g + 2307. What is the remainder when q is divided by c(-9)?
19
Suppose 0 = 1013*u - 1112*u + 613800. What is the remainder when u is divided by 66?
62
Suppose -233*h = -221*h - 2016. Suppose -3*a + 49 - 8 = -s, -5 = -a - 4*s. What is the remainder when h is divided by a?
12
Let x(k) = -k**3 - 14*k**2 - 14*k - 2. Suppose 0 = -5*r + 31 - 96. Calculate the remainder when 62 is divided by x(r).
7
Let z = 383 - 231. Suppose 0 = -3*h - z + 200. What is the remainder when 77 is divided by h?
13
Let g = -148 + 541. Let f = g + -389. Let o(n) = -3*n + 1. What is the remainder when o(-2) is divided by f?
3
Let a = -5859 + 6892. Calculate the remainder when 3103 is divided by a.
4
Calculate the remainder when -4*9/(-60) - (2312/(-5) + -1) is divided by 30.
14
Suppose 0 = 23*s - 19*s - 200. Suppose 8*b - 74 = -2*j + 3*b, 0 = 2*j - b - s. Calculate the re